 -w - 5 = -x*y. Give r(y).
-4
Let k(w) = -w**2 + 0*w - 23*w - 12847 + 12782. What is k(-20)?
-5
Let h(n) be the third derivative of n**4/8 + n**3/6 - n**2. Let c be 160/(-140)*(1 - -6) - -9. Determine h(c).
4
Let a(y) = -11*y**3 - 83*y**2 - 175*y + 48. Let r(n) = 7*n**3 + 55*n**2 + 115*n - 32. Let h(t) = -5*a(t) - 8*r(t). Calculate h(-23).
-7
Let a(q) = 9 + 17 - 19 - 9*q + q + 20. What is a(4)?
-5
Let l(y) = 2*y**3 - 3*y**2 + 3*y. Suppose 0 = -44*r + 19 + 113. What is l(r)?
36
Let v(c) be the third derivative of 0 - 13/8*c**4 - c + 1/6*c**3 + 61*c**2. Give v(-1).
40
Let g(l) = 33*l - 719. Let m be g(22). Let t(c) = 6*c - c + 8 - m*c - 4*c + c**2 - 2*c. Let h = 26 - 18. What is t(h)?
8
Suppose l - 762 = 5*y + 496, -5*l - 1018 = 4*y. Let p = y - -252. Let v(w) be the first derivative of -w**2/2 + 2*w - 1. Calculate v(p).
2
Let a = -20461 - -20475. Let z(j) = j**2 - 15*j - 15. Determine z(a).
-29
Let l(x) = -13*x + 1. Let t(o) = -7*o - 3 + 8 - 20*o - 3. Let k(q) = 5*l(q) - 2*t(q). Let d(z) = -16*z - 17. Let n be d(-1). What is k(n)?
12
Suppose -4*h - 3*l = -19, 3*l - 6 = 5*h + 4. Let v(k) = -h - 2*k + 6*k - 5*k. Let i be 50/(-10) + (-2)/5*-5. Give v(i).
2
Let w(v) = v**3 + 3*v**2 - 5*v - 9. Let o be w(-5). Let z = -26 - o. Suppose z*g = 6*g + 2*x + 10, 4 = -4*x. Let c(s) = -s + 6. Determine c(g).
2
Let i(v) be the first derivative of -9/2*v**2 + 0*v**5 - 1/120*v**6 + 0*v**4 + 13 + 0*v + 7/6*v**3. Let n(u) be the second derivative of i(u). Calculate n(0).
7
Let f = 14438 + -14434. Let i(w) be the second derivative of -f*w**2 - 18*w + 1/6*w**3 + 0. Determine i(10).
2
Let g(o) = o**3 + 3*o**2 - 8*o - 5. Let q(t) = -16*t + 60. Let n be q(4). Let b be 10/n*(-72)/(-36). What is g(b)?
-15
Let j(w) be the first derivative of -w**4/4 - w**3/3 + 5*w**2 - 25*w - 4688. What is j(0)?
-25
Let b(o) be the second derivative of 1/6*o**3 + 0 - o**2 + o. Suppose 0*a = x + 4*a, -3 = 3*a. Calculate b(x).
2
Suppose 5*p = -5*q + 10, 0 = -9*q + 12*q + 4*p - 5. Suppose -t = -g - 2, -7 = -g + q*t - 1. Let b(u) = u**3 + 6*u**2 + 5*u + 5. Calculate b(g).
-25
Let h(d) = -d + 1. Let t = -269 + 504. Let z = 242 - t. Determine h(z).
-6
Let y(p) = 5*p**3 + 21*p**2 - 27*p + 16. Let k(n) = -3*n**3 - 11*n**2 + 14*n - 8. Let z(c) = 7*k(c) + 4*y(c). Let i = 1305 + -1299. What is z(i)?
-16
Let s(q) = 4*q**3 + 20*q**2 + 2*q + 7. Let z(b) = -6*b**2 - 150*b - 761. Let l be z(-7). Give s(l).
-3
Let p(d) = -16*d**2 + 60*d - 19. Let g(y) = -134*y**2 + 480*y - 154. Let m(f) = 2*g(f) - 17*p(f). Determine m(15).
15
Let x(r) = -14*r - 297. Let n be x(-21). Let w(s) = 5*s + 4. Let c(l) = 6*l + 5. Let d(q) = 3*c(q) - 4*w(q). Calculate d(n).
5
Suppose 0*s + 5 = 4*s - h, 0 = -5*s + 2*h + 7. Let b(g) = s - 2*g**2 + 0*g - g + 0*g - 2*g. Calculate b(2).
-13
Suppose -3263 = -5*y + 4*d, 2596 = 4*y - 5*d + 9*d. Let u(a) = -a**3 + 2*a**3 - 320 + 0*a**3 + a - 325 + y. What is u(0)?
6
Let l(h) = -197789 + 98897 + 10*h**2 + 6*h + 98896. What is l(-2)?
32
Let w(j) be the third derivative of 28*j**2 - 5/6*j**3 + 1/24*j**4 + 0 + 0*j. Give w(3).
-2
Let u be 2*1*(-15602)/(-116). Let v = u - 262. Let o(j) = j**2 - 4*j - 8. Give o(v).
13
Let s(r) = -3*r**2 + 11*r - 8. Let h(c) be the first derivative of 7*c**3/3 - 23*c**2/2 + 17*c + 135. Let q(z) = -2*h(z) - 5*s(z). What is q(10)?
16
Let l(d) = -d**2 - 68. Let m(f) = f**2 - 41*f - 230. Let t be m(-5). What is l(t)?
-68
Suppose -3*c = 4*h - 23, -8*h - 10 = -3*h - 4*c. Let s(p) = -h*p - p + p**2 + 7*p. Give s(-4).
0
Suppose 24 = -6*s + 276. Let d(u) = 2*u + 41*u - s*u. What is d(-3)?
-3
Let s(l) = l**2 + 2*l. Let b(m) = 4*m**2 - 5*m - 30. Suppose 2*o + 6 = 4*k, -3*k + 2*o + 7 = 2*k. Let a(q) = k*b(q) - 5*s(q). Give a(-13).
-4
Let c(g) = -83*g - 525. Let h(y) = 43*y + 280. Let s(j) = 3*c(j) + 5*h(j). Calculate s(-5).
-5
Let x = 12 - 7. Let n = x + -3. Let l(q) = -3*q**2 - 3*q + 1. Let a(r) = 10*r**2 + 16*r - 7. Let s(z) = -a(z) - 4*l(z). Calculate s(n).
3
Let i(r) be the second derivative of -r**3/3 - 2*r**2 - 6*r. Let f be ((-864)/(-336))/((-1)/((-7)/3)). Give i(f).
-16
Let b(u) = -u**3 + 7*u**2 + 8*u + 1 + 5 + 3. Let p(m) = -21*m**2 - 142*m - 88. Let c be p(-6). What is b(c)?
9
Let l(m) = -25 - 6 + 7*m - m + 4. Let r be l(7). Let u = -8 + r. Let z(j) = j**3 - 7*j**2 - j - 1. Give z(u).
-8
Let p(z) = -3*z**3 + 74*z**2 - 67*z - 36. Let j(n) = -n**3 + 23*n**2 - 22*n - 12. Let s(y) = 7*j(y) - 2*p(y). Calculate s(11).
10
Let r(j) = j**3 + 18*j**2 + 16*j - 10. Let b be -3 - (4 - (-1 - 9)). Let y be r(b). Let v(o) = -o**2 + 6*o + 2. Give v(y).
-5
Let m(q) = 14*q + 140. Let r(j) = -5*j - 49. Let w(b) = -12*m(b) - 34*r(b). Calculate w(-6).
-26
Suppose -3*y + 5*y + 8 = -g, 3*g + 3*y + 15 = 0. Let d(r) be the second derivative of -20*r + 1/6*r**3 - r**2 + 0 - 1/6*r**4. Give d(g).
-12
Let p = -352 - -934. Let t = p + -573. Let l(m) = m - 2. Determine l(t).
7
Suppose -465*m + 1924 = -413*m. Let y(l) = -l**3 + 39*l**2 - 73*l - 25. Calculate y(m).
12
Let n(d) be the second derivative of d**4/12 + 3*d**3/2 + 9*d**2/2 + 143*d. Determine n(-8).
1
Let l(j) = 4*j + 2. Let n be (-3)/(-4) + (-1)/(-4). Let r(g) = -g**2 - g - 1. Let v(y) = n*l(y) + 2*r(y). Give v(2).
-4
Let v be 3/9 - 4*7/(-42). Let n(r) = 93*r**2 - r + 1. What is n(v)?
93
Let b = 9232 - 9235. Let t(v) = 2*v**2 + 4*v + 3. Give t(b).
9
Let i(y) = 23*y + 138. Let p be (22 - 36) + (4 - -4). What is i(p)?
0
Let v(r) = -3*r**3 + 5*r**2 - 2. Let p(j) = -16*j**3 + 25*j**2 + j - 11. Let m(s) = 2*p(s) - 11*v(s). Let f(y) = 2*y**2 - 8*y - 20. Let i be f(6). Give m(i).
-8
Let c be (35 - 0) + 17/(221/65). Suppose c*m = 33*m - 28. Let k(p) = p**3 + 3*p**2 - 3*p - 2. Calculate k(m).
-6
Suppose -3*b + 203 = 2*t - 151, -3*b = 3*t - 354. Let f(l) = 110 - l + 114 + b - 336. What is f(10)?
-4
Let f be (-3 - -5) + (-4)/(-5)*(-30)/(-4). Let i(o) = o**2 - 5*o - 9. Give i(f).
15
Let n(a) = -3*a**2 - 5. Suppose -12 = -3*j - 3*w, 5*j - 8 = w - 0. Determine n(j).
-17
Let f = 71 + 460. Let c = f - 531. Let v(g) = 2*g**2 + 9*g - 19. Let t(o) = -o**2 - 5*o + 10. Let a(n) = 11*t(n) + 6*v(n). Calculate a(c).
-4
Let d = 36 - -6. Suppose -d = -4*h + 11*h. Let w(p) = p**3 + 1 - 10*p + 8 + 4*p**2 + 2*p - 6. Calculate w(h).
-21
Let h(f) = -11*f - 150. Suppose 4*w = 2*g + 665 - 733, g + 50 = -4*w. Determine h(w).
4
Let t = -51 - 29. Let q = t - -79. Let p(g) = 3*g. Give p(q).
-3
Let h(z) = 2*z**2 + 5*z - 6. Let m be 22/77*28 - (-4 + 9). Calculate h(m).
27
Let k(o) = -o**2 + 26*o + 1786. Let z be k(-31). Let s(c) = 5*c**2 - 95*c - 10. What is s(z)?
-10
Let g(r) = -r**2 + 5*r + 182. Suppose -4*j - 5*p + 54 = 0, 50*p + 68 = 4*j + 48*p. Give g(j).
6
Let t(a) be the second derivative of -a**4/12 + 13*a**3/6 - 27*a**2/2 + 956*a. Determine t(11).
-5
Let b(g) = g**3 + 6*g**2 - 8*g - 4. Let j be b(-7). Let a(f) = -f**2 + 6*f + 140. Let z be a(0). Let m(k) = z*k - 280*k + 141*k + 1. Give m(j).
4
Suppose -5*w - 1 - 9 = 0. Let q(b) be the first derivative of 7*b**4/24 - b**3/6 - 37*b**2/2 + 29. Let u(z) be the second derivative of q(z). What is u(w)?
-15
Let w(a) = -183 - 4*a**2 + 3*a**2 + 172 + 14*a. Let n(c) = c**3 + 10*c**2 - 2*c - 132. Let m be n(-8). Give w(m).
13
Let l be (6 - 742/(-35)) + 12/(-10). Let c(t) = 2*t**2 - 48*t - 58. Determine c(l).
46
Let n(t) = -5*t**2 - 3*t + 14. Let i(c) = 13 - c - 2*c**2 - 2*c**2 - c. Let o(x) = 4*i(x) - 3*n(x). Let g = -20051 - -20051. What is o(g)?
10
Let f = 3993 - 3986. Let x(t) = t**2 - 8*t + 11. Let v(y) = -2*y**2 + 16*y - 21. Suppose m + 15 = -2*m. Let r(q) = m*x(q) - 3*v(q). Determine r(f).
1
Let u(j) be the first derivative of -j**4/4 + 14*j**3/3 + 6*j**2 + 26*j - 2732. Give u(15).
-19
Let b(o) = -5*o**2 - 4*o + 5. Suppose 45*u + 11 = 53*u + a, 2*u = -3*a - 11. Determine b(u).
-23
Let w be ((-2)/(-3))/((-2)/(-24)). Suppose -30 + 12 = -2*t + b, 0 = 2*t - 4*b - 30. Let f(v) = 2 + t*v + 0 + 7*v**2 - 1477*v**3 + 1476*v**3. What is f(w)?
-6
Let u(f) = f**3 - 7*f**2 + 4*f + 1. Let r = -2786 + 2788. Give u(r).
-11
Let i(v) = -3*v**3 - 9 - 4*v**3 - 8*v**2 - 9*v + 6*v**3. Let n = -6695 - -6688. What is i(n)?
5
Let t(h) = -6*h**2 - 2*h + 7. Let n be 0/(-264)*((-2)/4 - 0). What is t(n)?
7
Let x(o) = o**3 - 13*o**2 + 13*o + 4. Suppose 3*r = -5*c - 6, 6*c + 27 = 5*r + 2*c. Suppose q - 2*w = 12, 4*q - 5*w - 48 = -r*w. Give x(q).
1